se
Is 848119 a composite number?
False
Is 1556413 prime?
True
Is 7692481 a prime number?
False
Is 6117883 a composite number?
False
Is 20395559 composite?
False
Is 208717513 a composite number?
True
Is 4751861 a prime number?
False
Is 54213613 composite?
False
Is 90110239 a composite number?
True
Is 2478601 a composite number?
True
Is 297065147 a composite number?
False
Is 3619459 composite?
False
Is 617663 prime?
False
Is 9771365 composite?
True
Is 43721557 a prime number?
False
Is 159644285 composite?
True
Is 714139 composite?
False
Is 70721719 a prime number?
True
Is 5868541 a composite number?
True
Is 26918219 prime?
False
Is 21216083 a prime number?
False
Is 229763 composite?
False
Is 10042379 a prime number?
True
Is 617821013 composite?
False
Is 9154903 a composite number?
True
Is 13685141 a composite number?
False
Is 192252763 a composite number?
True
Is 11773789 a prime number?
False
Is 57135461 a prime number?
True
Is 42906943 a prime number?
False
Is 206697397 a composite number?
True
Is 4369727 a composite number?
True
Is 36414307 a composite number?
True
Is 1444613 composite?
False
Is 45851017 prime?
True
Is 962471 a prime number?
True
Is 170213323 prime?
False
Is 47798915 a prime number?
False
Is 3591719 prime?
True
Is 1922885 a prime number?
False
Is 20329473 prime?
False
Is 1343549 composite?
False
Is 25551499 composite?
False
Is 983174809 a composite number?
False
Is 2342218 a prime number?
False
Is 92859509 a prime number?
True
Is 248066341 a composite number?
True
Is 901763795 composite?
True
Is 17920181 a prime number?
True
Is 41571115 a prime number?
False
Is 59720027 composite?
False
Is 623591 a prime number?
True
Is 1657087 a prime number?
True
Is 114207287 composite?
True
Is 16753309 a prime number?
False
Is 3548327 prime?
True
Is 5346203 prime?
False
Is 54803449 a composite number?
False
Is 2156597 a composite number?
False
Is 8115767 prime?
False
Is 4757869 composite?
False
Is 10958639 prime?
True
Is 5778563 composite?
True
Is 4629283 prime?
True
Is 657179 a prime number?
False
Is 536482411 a prime number?
True
Is 38456933 composite?
False
Is 86447 a prime number?
False
Is 487941065 a composite number?
True
Is 434564601 a prime number?
False
Is 117037541 prime?
True
Is 735389 prime?
True
Is 23549137 composite?
True
Is 4336583 a composite number?
False
Is 10784471 prime?
False
Is 3114907 a prime number?
False
Is 101124433 a composite number?
True
Is 91253 prime?
True
Is 615379 composite?
False
Is 2942063 prime?
True
Is 2523109 composite?
True
Is 100505107 composite?
True
Is 375733 composite?
True
Is 29980547 prime?
False
Is 19089179 prime?
True
Is 32467277 a prime number?
True
Is 13617365 prime?
False
Is 102610297 a composite number?
False
Is 60722849 a composite number?
True
Is 62329 a prime number?
False
Is 117818273 composite?
False
Is 35593457 a composite number?
False
Is 2816435 composite?
True
Is 153811429 composite?
True
Is 121515181 a composite number?
False
Is 122716463 a prime number?
False
Is 120602683 composite?
False
Is 61229803 a composite number?
False
Is 1826131 a prime number?
False
Is 623417 composite?
False
Is 4607879 a composite number?
True
Is 583748107 a composite number?
True
Is 196454 prime?
False
Is 3443551 a composite number?
True
Is 116198 a prime number?
False
Is 3802055 prime?
False
Is 11492333 a prime number?
True
Is 84981649 composite?
True
Is 3387119 prime?
True
Is 809512007 a composite number?
False
Is 638917 prime?
False
Is 2860709 a prime number?
False
Is 1265321 a composite number?
False
Is 2645533 composite?
True
Is 31467559 composite?
False
Is 161770267 prime?
True
Is 602181617 a composite number?
False
Is 361870259 a prime number?
True
Is 59249917 a composite number?
True
Is 118380898 a prime number?
False
Is 1457777 prime?
False
Is 1358143 a composite number?
False
Is 698673 a prime number?
False
Is 1961818 composite?
True
Is 493345 prime?
False
Is 6055271 composite?
True
Is 2148127 a prime number?
True
Is 4603649 prime?
False
Is 2375143 a composite number?
True
Is 120203653 composite?
False
Is 7893031 a prime number?
True
Is 12282251 prime?
False
Is 6115013 prime?
False
Is 399904883 a prime number?
False
Is 25150783 composite?
True
Is 4619501 composite?
False
Is 3316361 composite?
False
Is 20037047 a prime number?
False
Is 248971 prime?
True
Is 250594057 composite?
True
Is 55734317 prime?
False
Is 984846971 prime?
True
Is 3307117 a composite number?
True
Is 121412321 a prime number?
True
Is 990167 a composite number?
True
Is 95851961 a composite number?
False
Is 9423991 a prime number?
True
Is 3723991 a prime number?
False
Is 30450989 a prime number?
True
Is 195618367 composite?
True
Is 4492049 composite?
False
Is 51511927 composite?
True
Is 273931699 a composite number?
False
Is 45813407 prime?
True
Is 2385947 prime?
True
Is 801953 a prime number?
False
Is 3745771 prime?
True
Is 2731315 composite?
True
Is 435511 composite?
True
Is 4133527 prime?
True
Is 201095263 prime?
False
Is 1721983 a composite number?
False
Is 1355233 prime?
False
Is 181749401 composite?
True
Is 17755061 a prime number?
True
Is 130381 a prime number?
False
Is 326269481 a prime number?
False
Is 676241 prime?
True
Is 27804559 a composite number?
False
Is 165065311 composite?
True
Is 220560817 a prime number?
True
Is 19396189 a prime number?
True
Is 267118519 a composite number?
True
Is 5820911 composite?
True
Is 7936949 a prime number?
True
Is 72662507 a composite number?
False
Is 448994383 a prime number?
True
Is 38431073 prime?
True
Is 97424083 composite?
False
Is 1292419 a composite number?
False
Is 34343047 composite?
True
Is 3281549 a composite number?
True
Is 22026451 prime?
False
Is 7702199 composite?
False
Is 171005459 a prime number?
True
Is 10496989 a prime number?
False
Is 424519 prime?
True
Is 42580991 prime?
True
Is 780911 a prime number?
False
Is 34951247 a composite number?
False
Is 3270029 composite?
True
Is 20204763 a prime number?
False
Is 868594449 prime?
False
Is 118888799 composite?
False
Is 6842893 a composite number?
False
Is 56191939 prime?
True
Is 1918013 composite?
False
Is 223929091 composite?
False
Is 69607949 prime?
True
Is 21790507 a prime number?
True
Is 8646289 composite?
True
Is 45759073 a prime number?
True
Is 219061709 a prime number?
True
Is 124482289 composite?
False
Is 24458207 composite?
False
Is 5857259 a composite number?
False
Is 23200229 a composite number?
True
Is 239405227 a prime number?
True
Is 4606589 a composite number?
True
Is 1587263 a prime number?
False
Is 381058829 a prime number?
True
Is 30905657 prime?
True
Is 45909085 composite?
True
Is 5390089 composite?
True
Is 122419073 a prime number?
False
Is 245407613 a composite number?
True
Is 56411419 composite?
False
Is 5994377 a prime number?
False
Is 2014481 a composite number?
True
Is 18377633 composite?
False
Is 5583749 a composite number?
True
Is 83904973 prime?
True
Is 55154353 a prime number?
True
Is 3127819 a prime number?
True
Is 1170629 prime?
False
Is 547257959 a composite number?
False
Is 5929403 prime?
True
Is 33775559 composite?
True
Is 16404061 a composite number?
True
Is 191529761 prime?
True
Is 1471931 a prime number?
False
Is 23787143 a prime number?
True
Is 55007791 prime?
True
Is 49368713 a composite number?
False
Is 34802353 a composite number?
False
Is 43313 composite?
False
Is 635049361 composite?
False
Is 7707761 a composite number?
False
Is 1288691 prime?
True
Is 4004323 a prime number?
False
Is 6581501 prime?
True
Is 67679 a prime number?
True
Is 153267619 prime?
True
Is 781669 composite?
True
Is 13795858 a composite number?
True
Is 909151 composite?
False
Is 2523427 prime?
False
Is 396227357 composite?
True
Is 7518767 a prime number?
True
Is 8159485 prime?
False
Is 24768823 a composite number?
False
Is 4452379 composite?
False
Is 13321823 a prime number?
True
Is 164265449 prime?
True
Is 382440463 composite?
False
Is 2697479 composite?
False
Is 33019817 prime?
True
Is 2709635 prime?
False
Is 10500701 prime?
True
Is 5746249 a composite number?
False
Is 3382493 composite?
False
Is 40073609 a prime number?
False
Is 801289 prime?
True
Is 205738595 composite?
True
Is 255434329 composite?
False
Is 2953063 a prime number?
True
Is 140879 composite?
True
Is 5405173 a prime number?
True
Is